1951.
1951
What are the prime factors of 1500?
2, 3, 5
What are the prime factors of 577?
577
What are the prime factors of 5563?
5563
List the prime factors of 1259.
1259
What are the prime factors of 1553?
1553
List the prime factors of 119752.
2, 14969
What are the prime factors of 29530?
2, 5, 2953
List the prime factors of 853.
853
What are the prime factors of 18443?
18443
What are the prime factors of 54791?
11, 17, 293
What are the prime factors of 6320?
2, 5, 79
List the prime factors of 7007.
7, 11, 13
What are the prime factors of 12059?
31, 389
What are the prime factors of 88549?
73, 1213
List the prime factors of 604.
2, 151
List the prime factors of 57017.
23, 37, 67
List the prime factors of 10913.
7, 1559
What are the prime factors of 171381?
3, 7, 8161
What are the prime factors of 18585?
3, 5, 7, 59
What are the prime factors of 28806?
2, 3, 4801
List the prime factors of 838.
2, 419
List the prime factors of 2125.
5, 17
List the prime factors of 88809.
3, 7, 4229
What are the prime factors of 1075?
5, 43
What are the prime factors of 31421?
13, 2417
List the prime factors of 13349.
7, 1907
What are the prime factors of 6121?
6121
What are the prime factors of 113?
113
List the prime factors of 9301.
71, 131
List the prime factors of 28478.
2, 29, 491
List the prime factors of 44317.
7, 13, 487
What are the prime factors of 5323?
5323
List the prime factors of 1359.
3, 151
List the prime factors of 1687.
7, 241
List the prime factors of 19559.
19559
List the prime factors of 4241.
4241
List the prime factors of 730.
2, 5, 73
List the prime factors of 8560.
2, 5, 107
List the prime factors of 23353.
11, 193
List the prime factors of 3149.
47, 67
What are the prime factors of 18073?
11, 31, 53
What are the prime factors of 2478?
2, 3, 7, 59
What are the prime factors of 7524?
2, 3, 11, 19
List the prime factors of 2693.
2693
What are the prime factors of 32391?
3, 59, 61
What are the prime factors of 7491?
3, 11, 227
List the prime factors of 12997.
41, 317
List the prime factors of 15493.
15493
List the prime factors of 96985.
5, 7, 17, 163
What are the prime factors of 2271?
3, 757
What are the prime factors of 66899?
7, 19, 503
List the prime factors of 2314.
2, 13, 89
List the prime factors of 11052.
2, 3, 307
List the prime factors of 47799.
3, 47, 113
List the prime factors of 18579.
3, 11, 563
What are the prime factors of 146?
2, 73
What are the prime factors of 39893?
7, 41, 139
List the prime factors of 4134.
2, 3, 13, 53
List the prime factors of 24712.
2, 3089
What are the prime factors of 6072?
2, 3, 11, 23
What are the prime factors of 747?
3, 83
List the prime factors of 1839.
3, 613
List the prime factors of 5638.
2, 2819
What are the prime factors of 1827?
3, 7, 29
List the prime factors of 2590.
2, 5, 7, 37
List the prime factors of 3216.
2, 3, 67
List the prime factors of 3807.
3, 47
What are the prime factors of 14660?
2, 5, 733
What are the prime factors of 137?
137
What are the prime factors of 10151?
10151
List the prime factors of 2325.
3, 5, 31
What are the prime factors of 4884?
2, 3, 11, 37
What are the prime factors of 11096?
2, 19, 73
List the prime factors of 148070.
2, 5, 13, 17, 67
List the prime factors of 1313.
13, 101
List the prime factors of 4462.
2, 23, 97
List the prime factors of 24283.
7, 3469
What are the prime factors of 2003?
2003
List the prime factors of 31114.
2, 47, 331
List the prime factors of 3373.
3373
What are the prime factors of 346?
2, 173
List the prime factors of 1844.
2, 461
What are the prime factors of 5581?
5581
List the prime factors of 5668.
2, 13, 109
What are the prime factors of 3063?
3, 1021
List the prime factors of 37397.
37397
List the prime factors of 91391.
59, 1549
What are the prime factors of 65842?
2, 7, 4703
List the prime factors of 965.
5, 193
What are the prime factors of 1055?
5, 211
What are the prime factors of 5859?
3, 7, 31
List the prime factors of 898.
2, 449
What are the prime factors of 2631?
3, 877
What are the prime factors of 27666?
2, 3, 29, 53
What are the prime factors of 148?
2, 37
What are the prime factors of 87296?
2, 11, 31
List the prime factors of 2905.
5, 7, 83
What are the prime factors of 30178?
2, 79, 191
List the prime factors of 76975.
5, 3079
What are the prime factors of 17870?
2, 5, 1787
What are the prime factors of 32325?
3, 5, 431
List the prime factors of 4218.
2, 3, 19, 37
List the prime factors of 2968.
2, 7, 53
What are the prime factors of 1699?
1699
List the prime factors of 5697.
3, 211
List the prime factors of 839.
839
What are the prime factors of 6756?
2, 3, 563
What are the prime factors of 28433?
28433
What are the prime factors of 598?
2, 13, 23
What are the prime factors of 61246?
2, 113, 271
List the prime factors of 58511.
58511
List the prime factors of 36093.
3, 53, 227
List the prime factors of 1997.
1997
What are the prime factors of 2035?
5, 11, 37
What are the prime factors of 3929?
3929
List the prime factors of 3046.
2, 1523
List the prime factors of 50893.
50893
What are the prime factors of 769?
769
List the prime factors of 74713.
74713
What are the prime factors of 2243?
2243
List the prime factors of 14804.
2, 3701
List the prime factors of 22129.
22129
What are the prime factors of 1219?
23, 53
List the prime factors of 10022.
2, 5011
List the prime factors of 1485.
3, 5, 11
What are the prime factors of 26445?
3, 5, 41, 43
List the prime factors of 67596.
2, 3, 43, 131
What are the prime factors of 105252?
2, 3, 7, 179
What are the prime factors of 3161?
29, 109
List the prime factors of 1191.
3, 397
List the prime factors of 25569.
3, 947
What are the prime factors of 26435?
5, 17, 311
What are the prime factors of 42962?
2, 21481
What are the prime factors of 7146?
2, 3, 397
What are the prime factors of 121?
11
What are the prime factors of 76628?
2, 19157
What are the prime factors of 11987?
11987
List the prime factors of 125366.
2, 62683
List the prime factors of 9629.
9629
List the prime factors of 1168.
2, 73
List the prime factors of 50.
2, 5
List the prime factors of 1595.
5, 11, 29
What are the prime factors of 52441?
229
List the prime factors of 9063.
3, 19, 53
What are the prime factors of 9813?
3, 3271
What are the prime factors of 21043?
11, 1913
List the prime factors of 14101.
59, 239
What are the prime factors of 38636?
2, 13, 743
What are the prime factors of 9720?
2, 3, 5
What are the prime factors of 2277?
3, 11, 23
What are the prime factors of 727?
727
What are the prime factors of 862?
2, 431
List the prime factors of 27280.
2, 5, 11, 31
What are the prime factors of 15921?
3, 29, 61
What are the prime factors of 117932?
2, 29483
What are the prime factors of 545?
5, 109
List the prime factors of 6113.
6113
What are the prime factors of 62007?
3, 11, 1879
List the prime factors of 452.
2, 113
What are the prime factors of 55263?
3, 13, 109
What are the prime factors of 873?
3, 97
What are the prime factors of 518?
2, 7, 37
List the prime factors of 27119.
47, 577
What are the prime factors of 647?
647
List the prime factors of 757.
757
List the prime factors of 78.
2, 3, 13
List the prime factors of 41672.
2, 5209
List the prime factors of 263.
263
What are the prime factors of 1206?
2, 3, 67
What are the prime factors of 3399?
3, 11, 103
What are the prime factors of 94686?
2, 3, 43, 367
What are the prime factors of 740?
2, 5, 37
List the prime factors of 15501.
3, 5167
List the prime factors of 1965.
3, 5, 131
List the prime factors of 4385.
5, 877
List the prime factors of 60770.
2, 5, 59, 103
What are the prime factors of 4705?
5, 941
What are the prime factors of 24471?
3, 2719
What are the prime factors of 1117?
1117
What are the prime factors of 14127?
3, 17, 277
List the prime factors of 1716.
2, 3, 11, 13
What are the prime factors of 2605?
5, 521
List the prime factors of 652.
2, 163
List the prime factors of 3728.
2, 233
List the prime factors of 770.
2, 5, 7, 11
List the prime factors of 2841.
3, 947
What are the prime factors of 4646?
2, 23, 101
What are the prime factors of 15975?
3, 5, 71
List the prime factors of 1301.
1301
What are the prime factors of 79419?
3, 23, 1151
What are the prime factors of 1086?
2, 3, 181
List the prime fact